0 + 3)
-16
Calculate 9 + 4 - (-10 + -1 + 8).
16
Calculate 95 + -87 + -7 + 0 - -7.
8
What is -1 - (6 - -1 - 2 - (9 + -3))?
0
Calculate -16 + (-8 - -6 - -9) + -19.
-28
-9 + -13 + -1 + (-10 - (7 + -14))
-26
Calculate 2 - (-5 + 13 - -2).
-8
Calculate 2 - (-19 - 13 - -10).
24
7 + (-19 - (3 - 11))
-4
What is -15 + -7 + (-6 - (-1 + -4)) + 4?
-19
-14 + 23 - -29 - -1
39
What is the value of 214 - 222 - (-1 + 0 - (34 - 17))?
10
What is -6 + 19 + 4 + -31?
-14
What is 18 + (2 - (3 - -3 - -1))?
13
What is the value of -10 + -2 + -3 + 13?
-2
Calculate 11 - (4 - -2) - 0 - (0 - 2).
7
What is (-4 + 24 - (-74 - -90)) + -14 + 0?
-10
Evaluate -5 + 9 + -8 + -1.
-5
Evaluate 0 + 0 - 9 - (3 - -21 - 20).
-13
Calculate -18 + 23 - -11 - 41 - (4 - 0).
-29
What is -3 + (-13 - -8) + 7 + 3?
2
What is the value of (7 + -7 - 4) + -9 + 3?
-10
Calculate -19 + (17 + -12 - -4) + 43.
33
What is -10 + (0 + 6 - 0) + -5?
-9
Evaluate 6 + (-7 - 0) + (-20 - -5) + 2.
-14
12 + (-12 + 21 - 26)
-5
What is -8 - (6 + -8 + -4 + 9)?
-11
What is -6 - (-20 - (-29 + 39))?
24
-11 - 0 - (583 - 609)
15
Calculate -16 - (21 - (-9 - -34)).
-12
What is -2 + -4 + 9 + (-2 - 12)?
-11
Calculate 10 + -3 + (1 + (-6 - 2) - -12).
12
Evaluate (9 - (12 + -21)) + -27.
-9
Calculate (81 - 87) + (0 + 2 - (-2 + 15)).
-17
Evaluate (3 - 11) + (1 - (-3 + -3)) - -3.
2
What is 437 - 466 - (1 + -13 + 2)?
-19
Evaluate 6 - 16 - -8 - (-6 - -4 - -13).
-13
Calculate 1551 + -1557 - ((-1 - 1) + 1).
-5
What is 0 + -1 - (5 - (10 - 17))?
-13
What is 9 - (108 + -101 - (6 + 1) - -4)?
5
Evaluate -43 - -32 - (-7 + -24).
20
Evaluate 17 + -5 + -37 - -27 - (0 - 10).
12
-8 + (20 - (-12 + 17)) + -5
2
Calculate -23 + -13 + 34 + -1 + 3.
0
What is the value of -99 + 88 + 6 + -3 + 8 + -3?
-3
What is the value of -17 - (-15 - -6) - -4?
-4
What is the value of 9 + -1 - (-10 + -15 + 44 + 13)?
-24
What is 10 - 7 - (-10 + 5 + 0)?
8
What is the value of 2 + ((15 - 6) + 19 - 8)?
22
(0 - -25) + (-45 - (-75 - -39))
16
What is the value of (30 - (53 + -14)) + -6?
-15
Evaluate 20 - (-10 + 6 + 5).
19
What is (10 - (-3 - 5)) + -12 - 4?
2
What is 0 - (-3 + 13 + -9 + -8)?
7
Calculate (0 - 38) + 50 - (27 + 1).
-16
What is the value of 0 + -2 + (0 - (9 + -20))?
9
Calculate -29 - (-39 + 10 + -4).
4
Evaluate -16 + -1 - (76 + -72 + (4 - -2)).
-27
What is the value of 6 - -2 - (-7 - 11 - -33)?
-7
What is the value of 31 + -52 - (4 + 0)?
-25
What is -60 + 0 + (-124 - -164)?
-20
Evaluate -5 + 14 + 2 - (-32 + 37 + -2).
8
What is 3 + 1 - (26 - (-23 + 28))?
-17
What is the value of 51 + -30 + 2 + -2?
21
What is the value of -11 + -8 - (-42 + 46)?
-23
(10 - 9 - 8) + -9
-16
What is the value of -2 + 32 + (-517 - -511)?
24
What is the value of -19 - (2 + -3 + -3 - (2 + -4))?
-17
Evaluate 14 - (-196 + 207 - (0 - (-1 - 1))).
5
What is 103 + -96 + 1 + 0 + 2 + -2?
8
Evaluate 9 - (8 + (-21 + 7 - -3) + -3).
15
-4 + 1 - -3 - (-13 - (0 + -2))
11
What is -3 + 1 - (76 + -87)?
9
What is the value of 21 - (13 - 4) - (-1 - -34)?
-21
Calculate -13 + (0 - (-3 - -3 - (7 - 4))).
-10
What is (-5 - 3) + (1 - -20)?
13
Evaluate 992 + -1002 - (0 + 3 - -21).
-34
What is 0 - 1 - (-9 - 11 - (1 - 6))?
14
Calculate -1 + -31 + 7 - (5 + 0).
-30
What is 17 + 12 + -18 - 17?
-6
Calculate 29 + -7 + 3 + -47.
-22
What is the value of (-7 - -2) + 20 - 20?
-5
Calculate -20 + (4 - (-32 + 4 + 13)).
-1
Evaluate (1 + 22 - -3) + 1.
27
What is -11 + (-10 - -13) - -20?
12
Evaluate -2 + -1 - (4 - ((-19 - -19) + -13)).
-20
What is (0 - (12 - 29)) + -6 + -2?
9
4 - 24 - (-10 - (1 + -1))
-10
Evaluate 36 + (-37 - -4 - 30).
-27
(-1 - -3) + 44 + -76 + 34
4
What is the value of 4 - (7 - -5) - (-9 - -1)?
0
(32 - 75) + 48 + 2 + -1 + 2
8
Calculate -7 + (-4 - 2 - 3) + 3.
-13
29 + -16 + -13 + (-5 - (3 - 4))
-4
(-22 - -3 - -29) + -3
7
What is 3 - -1 - (-1061 - -1044)?
21
What is 48 + -23 - -6 - 19?
12
What is the value of 7 + (20 - 1 - 14) + (1 - 20)?
-7
What is 3 - ((4 - -6) + (-19 - (-6 + 12)))?
18
What is (-10 - -8) + -3 + (4 - 18)?
-19
What is -5 + -1 + -4 + -6 + 12?
-4
-4 + 14 - -7 - 14
3
What is -36 + 6 + (7 - -7) + 14?
-2
-10 + (-16 - -4) + 24 + 15
17
-11 + 7 + -1 + (-13 - -3) + 10
-5
Evaluate (-1 - 23) + 5 + (16 - 4 - 9).
-16
Evaluate 16 + -10 + -11 - -8.
3
What is 7 + -7 + 7 + -12?
-5
What is 4 + (19 - 12) - 16?
-5
Evaluate 11 - -3 - 9 - (3 - 3).
5
Evaluate -26 - (-18 + -11 + -6).
9
Evaluate -108 + 69 + 1 + 3.
-35
Calculate 42 - ((30 - 32) + 18 + 0).
26
What is the value of 3 - (4 + 9 + -11 + -15)?
16
Evaluate -4 - (-7 - 16 - -33).
-14
86 - (226 - 122) - (-1 - (0 + -1))
-18
(2 - (4 - 7)) + -4 + (-18 - -21)
4
Calculate 1 - (-5 - (1 + (-4 - -2))) - 14.
-9
Calculate 11 - (-8 - (-1 - -2) - (-26 + 15)).
9
What is (0 - -13) + -356 + 326?
-17
What is the value of 4 - (8 - (13 - 21))?
-12
Calculate -12 + 2 + (10 - -6) + 1 + -2.
5
What is the value of 0 - -20 - (1 + (-1 - (-1 - 4)))?
15
What is (1 - -1) + -12 + 7 - (7 - 9)?
-1
Calculate 8 - 10 - 16 - -20.
2
Evaluate (-10 - (6 - 19)) + 4 + -6.
1
Evaluate 8 + 3 + 15 + 0 + (-18 - -9).
17
Calculate -39 - -63 - (7 + -3).
20
Evaluate (-7 - (0 - -7)) + 7 + -2.
-9
Evaluate 0 - 9 - (28 - 56) - 9.
10
What is the value of 18 + -18 + 3 - 3?
0
What is the value of -4 + -4 - (-5 - 6 - (19 + -22))?
0
What is the value of (12 - (2 - -1)) + (-6 - (-23 + -10))?
36
What is 0 + 19 - (-101 + 134)?
-14
What is the value of -5 - (1 + 2) - (-39 + 22)?
9
What is 1 - -14 - (9 + (18 + -14 - 17))?
19
Evaluate -2 + (11 - 10) + 3.
2
-3 + (0 - (-11 + 15))
-7
Calculate -7 - (5 + 10 + (-6 - 2)).
-14
Evaluate (-4 + 3 - 4) + 11 - -6.
12
-9 + 3 - -19 - (13 + -13 + 7)
6
What is the value of 4 + 8 + (1 - 15) + -5?
-7
Calculate -3 + 6 + -3 + -5 + (-7 - -1).
-11
What is the value of 8 - (27 + -47 - -9)?
19
Calculate 13 + -2 + (9 + (0 - -1) - 2).
19
Calculate (-3 - (-8 + 5)) + -11 + -5.
-16
(-6 + 1 - (-105 - -78)) + -1 + -3
18
What is the value of (2 - 4 - 12) + 27?
13
11 - -1 - 5 - 21
-14
Calculate -35 + (-32 - -64) + (0 - 19) - 3.
-25
What is the value of -4 - (11 - -11) - ((-1 - 10) + 5)?
-20
Calculate -54 + 50 + -1 + 6 + 3 + -2.
2
What is (134 - 112) + (6 - -7)?
35
Calculate -1 + (-2 - (-7 + 1)) + -5.
-2
What is the value of 19 + (17 - (1 + 13) - 19)?
3
Calculate -12 - (-7 + (2 - -11)).
-18
What is the value of -9 + 46 + (-22 - 3)?
12
Calculate -6 - (-9 + 1 + 23 + -11 + -7).
-3
Calculate (4 - -11) + -33 + 7.
-11
What is the value of 0 + 4 - (-10 - -22) - (-12 - -1)?
3
Evaluate 5 + (25 - 7) + (8 - 9).
22
Evaluate -9 + 25 + (-2 - (-9 - (2 + -8))).
17
What is -4 + 8 + -4 + (5 - (6 + -4))?
3
Calculate (-4 + (-4 - 1) - -10) + (-4 - 1).
-4
Calculate 4 - (6 + -10 + -4).
12
Evaluate 11 + -21 + 16 + -17 + 20 - -12.
21
What is 2 + 4 - (805 + -803)?
4
Evaluate -6 - (-11 - -9 - 5).
1
Calculate (17 - 8) + -22 - -6 - 6.
-13
What is the value of 12 + (-5 - (11 - (6 + 1))) + -4?
-1
3 + (1 + 1 - (-4 - (-14 - -4)))
-1
(-11 - -4 - -3 - (-22 + 21)) + 5
2
Calculate (1 - 23) + 29 + (0 - -4).
11
What is 1 + 23 + 17 + -27 - 7?
7
(-1 + -19 - -16) + -1 - (-2 - 1)
-2
What is the value of 4 + 2 + -2 + (20 - (-1 - -11))?
14
Calculate -13 + 3 - (-25 + 8) - 0.
7
Calculate 15 - (-18 + -4 + 4 + 5).
28
What is (8 + (-20 - -3) - -21) + 0 + -1?
11
What is (27 - 9) + (0 - 7) + 4?
15
What is 0 - 11 - (35 - (4 - -62))?
20
Evaluate 10 + -6 + -1 - -3 - (-2 - -2).
6
What is -1 - 0 - -2 - (230 + -229)?
0
Calculate (10 - 12 - 6) + (-6 - -2) + 2.
-10
Evaluate 12 + (26 - 25) - 14.
-1
Calculate (2 - -14) + (40 - (84 - -5)).
-33
Evaluate 23 + -22 - (2 + -33) - -5.
37
Calculate 16 + (-8 - (3 - (9 + -5))).
9
What is the value of 1517 + -1505 + (-1 - 0) + -1 + 0?
10
Evaluate (3 - (2 + -2)) + (11 - 2).
12
Evaluate 409 - 413 - (1 + -2 + 12 - 0).
-15
Calculate (20 - -11) + -22 + 13.
22
Evaluate (86 - 83 - (-8 + 0)) + -28.
-17
What is 16 - ((27 - 16) + -7)?
12
Evaluate (3 + -5 + -4 - 2) + (-6 - -29).
15
Evaluate (-8 - -9 - 6) + -3 + 5.
-3
Evaluate -3 + 31 + -38 + 0 + -1.
-11
Calculate -4 + (16 - (-9 + 42)).
-21
What is -22 + 9 - (-1 + -5 + 2 + 1)?
-10
What is 7 + (-2 - 16 - -5) + -1?
-7
What is the value of (-1 + -3 - (-2 - -5)) + 2?
-5
Calculate -5 + (-18 - (-16 + -14)) + -16.
-9
(8 - 0) + -12 - (4 + -6 - 4)
2
What is 5 + (7 + 5 - 8) - -5?
14
-8 + -13 + 4 + (-8 - 2) + 5
-22
Calculate (2 - 2) + (-39 - -41).
2
Calculate (28 - (34 - -9)) + 16.
1
What is 6 + 3 + (1 + -10 